What are the prime factors of 831072?
2, 3, 11, 787
List the prime factors of 1376272.
2, 86017
List the prime factors of 3724050.
2, 3, 5, 11, 37, 61
What are the prime factors of 1219974?
2, 3, 7, 31, 937
What are the prime factors of 2415652?
2, 603913
List the prime factors of 298085.
5, 59617
List the prime factors of 4325738.
2, 2162869
List the prime factors of 76985.
5, 89, 173
List the prime factors of 978024.
2, 3, 40751
What are the prime factors of 32635852?
2, 17, 479939
What are the prime factors of 5152410?
2, 3, 5, 6361
What are the prime factors of 278966?
2, 139483
List the prime factors of 163415.
5, 7, 23, 29
What are the prime factors of 21235318?
2, 13, 816743
What are the prime factors of 3154040?
2, 5, 29, 2719
What are the prime factors of 2364562?
2, 1182281
List the prime factors of 17667764.
2, 1373, 3217
List the prime factors of 249864.
2, 3, 29, 359
What are the prime factors of 358081?
31, 11551
What are the prime factors of 17604218?
2, 29, 31, 9791
List the prime factors of 5262524.
2, 353, 3727
List the prime factors of 102201.
3, 11, 19, 163
List the prime factors of 17681.
17681
What are the prime factors of 1235411?
313, 3947
List the prime factors of 4667734.
2, 2333867
What are the prime factors of 177440?
2, 5, 1109
What are the prime factors of 782474?
2, 7, 11, 5081
List the prime factors of 6462078.
2, 3, 7, 53, 2903
List the prime factors of 12368032.
2, 386501
List the prime factors of 3805955.
5, 71, 151
List the prime factors of 9004144.
2, 562759
What are the prime factors of 23562227?
13, 929, 1951
What are the prime factors of 210217?
7, 59, 509
What are the prime factors of 2900531?
53, 54727
What are the prime factors of 702156?
2, 3, 7, 13, 643
What are the prime factors of 207154?
2, 103577
What are the prime factors of 438972?
2, 3, 157, 233
What are the prime factors of 8528233?
7, 29, 43, 977
List the prime factors of 4049505.
3, 5, 89989
List the prime factors of 20561241.
3, 23, 297989
What are the prime factors of 173111?
17, 599
What are the prime factors of 807643?
31, 26053
List the prime factors of 2304685.
5, 460937
List the prime factors of 509583.
3, 59, 2879
What are the prime factors of 1856499?
3, 618833
What are the prime factors of 1346775?
3, 5, 17957
List the prime factors of 4814704.
2, 113, 2663
List the prime factors of 14450637.
3, 1033, 4663
What are the prime factors of 6780387?
3, 103, 21943
What are the prime factors of 3659090?
2, 5, 239, 1531
What are the prime factors of 533202?
2, 3, 88867
What are the prime factors of 2631829?
359, 7331
What are the prime factors of 68743?
68743
What are the prime factors of 2580743?
11, 234613
List the prime factors of 18720348.
2, 3, 739, 2111
What are the prime factors of 216598?
2, 37, 2927
List the prime factors of 84355.
5, 16871
List the prime factors of 91525.
5, 7, 523
List the prime factors of 3998094.
2, 3, 17, 19, 2063
What are the prime factors of 2808441?
3, 97, 3217
List the prime factors of 177745.
5, 19, 1871
List the prime factors of 3530358.
2, 3, 13, 47, 107
What are the prime factors of 546867?
3, 60763
What are the prime factors of 795664?
2, 223
What are the prime factors of 36505?
5, 7, 149
What are the prime factors of 105240?
2, 3, 5, 877
What are the prime factors of 483991?
483991
What are the prime factors of 314238?
2, 3, 83, 631
What are the prime factors of 13612181?
11, 1237471
List the prime factors of 423373.
67, 71, 89
List the prime factors of 242313.
3, 37, 59
List the prime factors of 5529859.
5529859
List the prime factors of 621910.
2, 5, 62191
List the prime factors of 1605368.
2, 200671
List the prime factors of 726506.
2, 11, 33023
What are the prime factors of 471105?
3, 5, 19, 29
What are the prime factors of 2454103?
17, 241, 599
What are the prime factors of 11257970?
2, 5, 1125797
List the prime factors of 34182365.
5, 7, 976639
What are the prime factors of 68168?
2, 8521
List the prime factors of 862681.
41, 53, 397
List the prime factors of 887988.
2, 3, 73999
List the prime factors of 468868.
2, 251, 467
List the prime factors of 876221.
47, 103, 181
List the prime factors of 51484.
2, 61, 211
What are the prime factors of 22546327?
283, 79669
List the prime factors of 38003351.
41, 797, 1163
What are the prime factors of 8120758?
2, 4060379
List the prime factors of 137035.
5, 27407
List the prime factors of 1432671.
3, 477557
List the prime factors of 10655770.
2, 5, 17, 19, 3299
What are the prime factors of 1015145?
5, 29, 7001
List the prime factors of 695884.
2, 7, 29, 857
What are the prime factors of 197064?
2, 3, 7, 17, 23
What are the prime factors of 1658414?
2, 37, 73, 307
What are the prime factors of 16809?
3, 13, 431
List the prime factors of 1296773.
109, 11897
List the prime factors of 276717.
3, 7, 13177
What are the prime factors of 85770?
2, 3, 5, 953
List the prime factors of 8697202.
2, 4348601
What are the prime factors of 219555?
3, 5, 7, 17, 41
What are the prime factors of 369585?
3, 5, 43, 191
What are the prime factors of 2900042?
2, 1450021
List the prime factors of 2631644.
2, 657911
What are the prime factors of 469651?
7, 13, 397
What are the prime factors of 856307?
17, 2963
What are the prime factors of 785189?
71, 11059
List the prime factors of 239728.
2, 14983
What are the prime factors of 17926343?
263, 68161
List the prime factors of 2522865.
3, 5, 79, 2129
What are the prime factors of 467536?
2, 29221
What are the prime factors of 1708400?
2, 5, 4271
What are the prime factors of 96908?
2, 7, 3461
List the prime factors of 3983175.
3, 5, 7, 281
What are the prime factors of 543828?
2, 3, 45319
What are the prime factors of 46384?
2, 13, 223
What are the prime factors of 11011002?
2, 3, 17, 107951
List the prime factors of 2597843.
977, 2659
List the prime factors of 153267.
3, 47, 1087
List the prime factors of 5291280.
2, 3, 5, 7349
What are the prime factors of 9937347?
3, 7, 67601
What are the prime factors of 429188?
2, 41, 2617
What are the prime factors of 32442647?
17, 31, 61561
What are the prime factors of 1500490?
2, 5, 181, 829
List the prime factors of 2728422.
2, 3, 151579
List the prime factors of 31318183.
13, 2409091
List the prime factors of 179746.
2, 7, 37, 347
List the prime factors of 1830209.
31, 43, 1373
List the prime factors of 3556639.
1669, 2131
List the prime factors of 4447838.
2, 97, 101, 227
What are the prime factors of 4216160?
2, 5, 13, 2027
What are the prime factors of 343575?
3, 5, 509
What are the prime factors of 234740?
2, 5, 11, 97
List the prime factors of 157930.
2, 5, 17, 929
What are the prime factors of 28609316?
2, 7152329
What are the prime factors of 2562118?
2, 13, 98543
List the prime factors of 2186939.
53, 41263
List the prime factors of 992230.
2, 5, 99223
What are the prime factors of 319942?
2, 7, 22853
What are the prime factors of 443738?
2, 127, 1747
List the prime factors of 1668483.
3, 89, 2083
What are the prime factors of 11455621?
1217, 9413
List the prime factors of 1251537.
3, 7, 61, 977
What are the prime factors of 10125946?
2, 5062973
List the prime factors of 3545884.
2, 886471
List the prime factors of 254300.
2, 5, 2543
List the prime factors of 74181.
3, 79, 313
What are the prime factors of 23168857?
23168857
List the prime factors of 76916.
2, 7, 41, 67
List the prime factors of 924303.
3, 308101
List the prime factors of 4354789.
37, 3181
List the prime factors of 12047372.
2, 3011843
List the prime factors of 10688.
2, 167
List the prime factors of 298156.
2, 131, 569
List the prime factors of 233609.
233609
What are the prime factors of 23571835?
5, 7, 127, 5303
What are the prime factors of 3872650?
2, 5, 73, 1061
List the prime factors of 25747.
25747
List the prime factors of 868024.
2, 108503
What are the prime factors of 2656251?
3, 13, 73, 311
What are the prime factors of 546339?
3, 269, 677
What are the prime factors of 13397727?
3, 7, 91141
List the prime factors of 215768.
2, 7, 3853
What are the prime factors of 227598?
2, 3, 7, 5419
What are the prime factors of 63158?
2, 23, 1373
What are the prime factors of 9067704?
2, 3, 23, 16427
What are the prime factors of 1499901?
3, 13, 38459
List the prime factors of 2377649.
1193, 1993
What ar